ultiple of 13?
False
Is 106 a factor of 282?
False
Is 5426 a multiple of 4?
False
Is 9218 a multiple of 11?
True
Does 38 divide 3800?
True
Is 314 a multiple of 23?
False
Is 5 a factor of 890?
True
Is 51598 a multiple of 24?
False
Is 17 a factor of 319?
False
Is 75 a factor of 11550?
True
Is 548 a multiple of 100?
False
Does 9 divide 6264?
True
Is 12 a factor of 61008?
True
Is 7 a factor of 25459?
True
Is 56 a factor of 560?
True
Does 19 divide 34544?
False
Does 8 divide 440?
True
Does 2 divide 16354?
True
Is 40 a factor of 396?
False
Is 9 a factor of 441?
True
Is 31 a factor of 673?
False
Does 28 divide 1456?
True
Is 26033 a multiple of 42?
False
Is 891 a multiple of 28?
False
Does 4 divide 7951?
False
Is 38902 a multiple of 20?
False
Is 82 a factor of 1394?
True
Is 26 a factor of 1968?
False
Is 39 a factor of 32798?
False
Is 53 a factor of 1426?
False
Is 78 a factor of 518?
False
Is 34 a factor of 824?
False
Is 4332 a multiple of 19?
True
Does 20 divide 48420?
True
Is 32448 a multiple of 208?
True
Does 9 divide 36279?
True
Is 44 a factor of 3397?
False
Does 25 divide 522?
False
Is 29 a factor of 32815?
False
Is 43 a factor of 7396?
True
Does 19 divide 2071?
True
Is 1782 a multiple of 33?
True
Does 47 divide 13583?
True
Is 24 a multiple of 3?
True
Is 4 a factor of 1808?
True
Does 35 divide 449?
False
Is 16 a factor of 31019?
False
Is 4554 a multiple of 72?
False
Is 12 a factor of 692?
False
Is 501 a multiple of 26?
False
Does 5 divide 35?
True
Is 82 a multiple of 41?
True
Is 277 a multiple of 90?
False
Is 3216 a multiple of 48?
True
Is 13750 a multiple of 5?
True
Does 41 divide 4350?
False
Is 13539 a multiple of 172?
False
Is 6 a factor of 1057?
False
Is 2836 a multiple of 37?
False
Does 28 divide 40348?
True
Does 6 divide 29?
False
Is 26 a factor of 58448?
True
Is 924 a multiple of 11?
True
Is 9 a factor of 450?
True
Is 29 a factor of 945?
False
Does 100 divide 2005?
False
Does 12 divide 613?
False
Does 201 divide 40200?
True
Is 9 a factor of 2106?
True
Is 495 a multiple of 12?
False
Does 43 divide 344?
True
Is 549 a multiple of 12?
False
Does 4 divide 18695?
False
Is 2673 a multiple of 33?
True
Is 1100 a multiple of 5?
True
Is 55 a factor of 42680?
True
Is 4797 a multiple of 39?
True
Does 39 divide 20508?
False
Is 325 a multiple of 25?
True
Is 22 a factor of 54948?
False
Is 39 a multiple of 9?
False
Is 2764 a multiple of 9?
False
Does 8 divide 168?
True
Is 8470 a multiple of 2?
True
Is 1907 a multiple of 53?
False
Is 13 a factor of 1004?
False
Is 111 a factor of 147778?
False
Is 6 a factor of 1002?
True
Does 34 divide 23698?
True
Is 13 a factor of 180?
False
Does 34 divide 10982?
True
Is 1943 a multiple of 29?
True
Is 9 a factor of 30?
False
Does 61 divide 7381?
True
Does 15 divide 6657?
False
Is 19635 a multiple of 187?
True
Does 74 divide 584?
False
Is 2846 a multiple of 32?
False
Is 3410 a multiple of 22?
True
Is 132 a multiple of 69?
False
Is 21965 a multiple of 4?
False
Is 1553 a multiple of 28?
False
Does 6 divide 234?
True
Does 12 divide 32473?
False
Is 330 a multiple of 33?
True
Does 30 divide 526?
False
Does 251 divide 9036?
True
Does 48 divide 2786?
False
Is 636 a multiple of 42?
False
Is 407 a multiple of 13?
False
Is 17 a factor of 11866?
True
Is 9288 a multiple of 72?
True
Does 85 divide 3995?
True
Is 23 a factor of 371?
False
Is 18 a factor of 322?
False
Does 155 divide 25554?
False
Does 49 divide 16892?
False
Is 27 a factor of 911?
False
Is 32184 a multiple of 18?
True
Does 73 divide 73?
True
Is 68 a factor of 24684?
True
Is 8946 a multiple of 71?
True
Is 340 a multiple of 55?
False
Is 30870 a multiple of 42?
True
Is 13 a factor of 150007?
True
Does 7 divide 858?
False
Is 4 a factor of 699?
False
Is 263 a multiple of 17?
False
Does 15 divide 1650?
True
Is 223 a multiple of 9?
False
Does 39 divide 1989?
True
Is 50 a factor of 26405?
False
Is 7397 a multiple of 54?
False
Is 19 a factor of 24268?
False
Does 6 divide 18219?
False
Does 14 divide 9576?
True
Does 14 divide 1344?
True
Is 24 a factor of 3298?
False
Does 18 divide 2201?
False
Is 20580 a multiple of 13?
False
Is 103106 a multiple of 52?
False
Is 74571 a multiple of 28?
False
Is 24 a multiple of 13?
False
Is 9 a factor of 1771?
False
Is 165893 a multiple of 13?
True
Is 14 a factor of 1013?
False
Does 39 divide 2184?
True
Is 155 a multiple of 5?
True
Is 34 a factor of 11594?
True
Does 15 divide 52470?
True
Does 27 divide 837?
True
Is 5 a factor of 805?
True
Is 4035 a multiple of 5?
True
Is 70006 a multiple of 71?
True
Does 53 divide 814?
False
Is 75599 a multiple of 337?
False
Is 1100 a multiple of 44?
True
Is 325 a multiple of 2?
False
Is 178 a multiple of 89?
True
Does 20 divide 63380?
True
Does 206 divide 44608?
False
Does 10 divide 272?
False
Does 27 divide 1628?
False
Does 21 divide 23856?
True
Is 21 a factor of 8841?
True
Is 12009 a multiple of 15?
False
Does 8 divide 1480?
True
Does 2 divide 110?
True
Does 11 divide 7651?
False
Is 18396 a multiple of 12?
True
Is 228 a multiple of 6?
True
Is 1144 a multiple of 11?
True
Is 99 a multiple of 82?
False
Does 11 divide 220?
True
Is 9 a factor of 56?
False
Does 7 divide 7917?
True
Does 4 divide 277?
False
Is 1967 a multiple of 71?
False
Is 35 a factor of 11428?
False
Is 18 a factor of 915?
False
Is 25 a factor of 5239?
False
Is 4240 a multiple of 106?
True
Is 4 a factor of 296?
True
Does 9 divide 432?
True
Does 26 divide 374?
False
Does 5 divide 20389?
False
Does 6 divide 229?
False
Is 26 a factor of 6640?
False
Does 5 divide 4910?
True
Is 13 a factor of 27078?
False
Is 6733 a multiple of 23?
False
Is 176 a multiple of 8?
True
Does 14 divide 308?
True
Does 60 divide 5921?
False
Is 684 a multiple of 19?
True
Is 12349 a multiple of 53?
True
Is 28 a factor of 3482?
False
Does 5 divide 3628?
False
Is 1199 a multiple of 23?
False
Is 6428 a multiple of 4?
True
Does 21 divide 1170?
False
Is 113 a factor of 1130?
True
Does 13 divide 55276?
True
Is 96117 a multiple of 161?
True
Is 1803 a multiple of 17?
False
Is 44 a factor of 3404?
False
Is 1520 a multiple of 10?
True
Does 18 divide 6019?
False
Is 12322 a multiple of 127?
False
Does 7 divide 539?
True
Is 91 a multiple of 4?
False
Does 20 divide 15320?
True
Is 30 a factor of 33000?
True
Does 72 divide 10368?
True
Is 20 a factor of 220?
True
Is 58 a factor of 1218?
True
Is 63 a factor of 189?
True
Is 14 a factor of 742?
True
Is 72 a factor of 432?
True
Is 6 a factor of 912?
True
Is 37567 a multiple of 126?
False
Does 4 divide 10695?
False
Is 24896 a multiple of 20?
False
Is 5 a factor of 133?
False
Is 3241 a multiple of 5?
False
Does 6 divide 1198?
False
Does 17 divide 1496?
True
Does 5 divide 124?
False
Is 603 a multiple of 5?
False
Is 13 a factor of 1742?
True
Is 9398 a multiple of 6?
False
Is 4660 a multiple of 20?
True
Does 110 divide 31020?
True
Is 12690 a multiple of 56?
False
Is 79 a factor of 12210?
False
Does 46 divide 2290?
False
Does 155 divide 3720?
True
Does 8 divide 1019?
False
Is 8 a factor of 72800?
True
Does 7 divide 1974?
True
Is 672 a multiple of 9?
False
Is 12 a factor of 1587?
False
Is 92512 a multiple of 392?
True
Is 17110 a multiple of 6?
False
Is 73 a factor of 28908?
True
Is 21 a factor of 19110?
True
Is 8120 a multiple of 35?
True
Is 16 a factor of 2478?
False
Does 14 divide 112?
True
Does 9 divide 73692?
True
Is 611 a multiple of 47?
True
Does 21 divide 3402?
True
Does 38 divide 22721?
False
Is 13449 a multiple of 235?
False
Is 1951 a multiple of 35?
False
Is 56 a factor of 25424?
True
Does 63 divide 606?
False
Does 23 divide 524?
False
Is 315 a multiple of 18?
False
Does 21 divide 434?
False
Does 199 divide 64641?
False
Is 17 a factor of 18598?
True
Is 49 a factor of 40362?
False
Does 10 divide 860?
True
Is 77 a factor of 3830?
False
Does 58 divide 10266?
True
Is 55 a factor of 1907?
False
Does 11 divide 375?
False
Is 58004 a multiple of 34?
True
Is 1757 a multiple of 29?
False
Is 21311 a multiple of 10?
False
Does 7 divide 15379?
True
Does 93 divide 16915?
False
Does 8 divide 2568?
True
Is 352 a factor of 39072?
True
Is 1081 a multiple of 21?
False
Is 38 a factor of 28880?
True
Is 12 a factor of 19596?
True
Does 63 divide 10962?
True
Is 217 a factor of 14105?
True
Is 17182 a multiple of 37?
False
Is 4845 a multiple of 85?
True
Does 30 divide 268?
Fal